{"id":76,"date":"2018-11-24T21:29:11","date_gmt":"2018-11-24T20:29:11","guid":{"rendered":"https:\/\/fischer-messtechnik-2000.de\/?page_id=76"},"modified":"2019-11-26T14:57:15","modified_gmt":"2019-11-26T13:57:15","slug":"trinkwasserpruefung","status":"publish","type":"page","link":"https:\/\/www.fischer-messtechnik-2000.de\/index.php\/trinkwasserpruefung\/","title":{"rendered":"Trinkwasserpr\u00fcfung"},"content":{"rendered":"<p><span style=\"font-size: 16pt;\"><strong><span style=\"font-family: arial, helvetica, sans-serif;\"><img fetchpriority=\"high\" decoding=\"async\" class=\"size-medium wp-image-77 alignleft\" src=\"https:\/\/fischer-messtechnik-2000.de\/wp-content\/uploads\/2018\/11\/legionellen-300x169.jpg\" alt=\"\" width=\"300\" height=\"169\" srcset=\"https:\/\/www.fischer-messtechnik-2000.de\/wp-content\/uploads\/2018\/11\/legionellen-300x169.jpg 300w, https:\/\/www.fischer-messtechnik-2000.de\/wp-content\/uploads\/2018\/11\/legionellen.jpg 409w\" sizes=\"(max-width: 300px) 100vw, 300px\" \/><span style=\"color: #3366ff;\">Achtung Legionellen \u2013 Wenn Einatmen zur Gefahr wird.<\/span><\/span><\/strong><\/span><\/p>\n<p><span style=\"font-family: arial, helvetica, sans-serif; font-size: 14pt; color: #000000;\">Legionellen k\u00f6nnen schwer krank machen. Der Erreger wird meistens durch Einatmen von vernebeltem Wasser aufgenommen.<\/span><br \/>\n<span style=\"font-family: arial, helvetica, sans-serif; font-size: 14pt; color: #000000;\">F\u00fcr Hauseigent\u00fcmer und Hausverwalter besteht Untersuchungspflicht f\u00fcr Anlagen, die z. B. Duschen oder andere Einrichtungen enthalten, in denen es zur Vernebelung des Trinkwassers kommt.<\/span><\/p>\n<p><span style=\"color: #3366ff;\"><strong><span style=\"font-family: arial, helvetica, sans-serif; font-size: 16pt;\">\u00c4nderungen zur Trinkwasserverordnung<\/span><\/strong><\/span><\/p>\n<p><span style=\"font-family: arial, helvetica, sans-serif; font-size: 14pt; color: #000000;\">Am 1. November 2011 trat eine ge\u00e4nderte Trinkwasserverordnung in Kraft. Eine weitere \u00c4nderung dieser Verordnung trat am 14.12.2012 (beschlossen am 12. Oktober 2012 durch die Bundesregierung) in Kraft.<\/span><\/p>\n<p><span style=\"font-family: arial, helvetica, sans-serif; font-size: 14pt; color: #000000;\">Mit dieser Verordnung wird die Qualit\u00e4t von Wasser f\u00fcr den menschlichen Gebrauch geregelt.<\/span><\/p>\n<p><span style=\"font-family: arial, helvetica, sans-serif; font-size: 14pt; color: #000000;\">Es werden neue wissenschaftliche Erkenntnisse aus dem Bereich Trinkwasserhygiene ber\u00fccksichtigt. Insbesondere wurde ein Grenzwert f\u00fcr Uran im Wasser festgesetzt und die regelm\u00e4\u00dfige Untersuchung des Trinkwassers auf Legionellen vorgeschrieben.<\/span><\/p>\n<p><span style=\"font-family: arial, helvetica, sans-serif; font-size: 14pt; color: #000000;\">Diese Neuerung der regelm\u00e4\u00dfigen Untersuchung auf Legionellen hat erhebliche<\/span><br \/>\n<span style=\"font-family: arial, helvetica, sans-serif; font-size: 14pt; color: #000000;\">Auswirkungen auf Hauseigent\u00fcmer und Hausverwalter von Mehrfamilienh\u00e4usern. Die Untersuchungspflicht besteht f\u00fcr Anlagen, die z. B. Duschen oder andere Einrichtungen enthalten, in denen es zur Vernebelung des Trinkwassers kommt. Das trifft auf alle Wohngeb\u00e4ude zu.<\/span><\/p>\n<p><span style=\"color: #3366ff;\"><strong><span style=\"font-family: arial, helvetica, sans-serif; font-size: 16pt;\">Folgende T\u00e4tigkeiten werden von uns durchgef\u00fchrt:<\/span><\/strong><\/span><\/p>\n<ul>\n<li><span style=\"font-family: arial, helvetica, sans-serif; font-size: 14pt; color: #000000;\">die technische Bestandsaufnahme und Dokumentation<\/span><\/li>\n<li><span style=\"font-family: arial, helvetica, sans-serif; font-size: 14pt; color: #000000;\">die Probenahme durch zertifizierte Mitarbeiter<\/span><\/li>\n<li><span style=\"font-family: arial, helvetica, sans-serif; font-size: 14pt; color: #000000;\">den Transport der Proben an das Labor<\/span><\/li>\n<li><span style=\"font-family: arial, helvetica, sans-serif; font-size: 14pt; color: #000000;\">die \u00dcbermittlung der Untersuchungsergebnisse an den Kunden bzw. das zust\u00e4ndige Gesundheitsamt<\/span><\/li>\n<li><span style=\"font-family: arial, helvetica, sans-serif; font-size: 14pt; color: #000000;\">bei positiven Befunden erhalten Sie Unterst\u00fctzung durch unser speziell geschultes Personal<\/span><\/li>\n<li><span style=\"font-family: arial, helvetica, sans-serif; font-size: 14pt; color: #000000;\">Archivierung der Untersuchungsergebnisse f\u00fcr 10 Jahre<\/span><\/li>\n<\/ul>\n<p><span style=\"color: #3366ff;\"><strong><span style=\"font-family: arial, helvetica, sans-serif; font-size: 16pt;\">Wer muss untersuchen lassen?<\/span><\/strong><\/span><\/p>\n<p><span style=\"font-family: arial, helvetica, sans-serif; font-size: 14pt; color: #000000;\">Betroffen sind alle Unternehmer und sonstigen Inhaber einer Trinkwasserinstallation, in der sich eine Gro\u00dfanlage zur Trinkwassererw\u00e4rmung befindet, sofern aus dieser Trinkwasser im Rahmen einer \u00f6ffentlichen oder gewerblichen T\u00e4tigkeit (z.B. Vermietung) abgegeben wird.<\/span><\/p>\n<p><span style=\"font-family: arial, helvetica, sans-serif; font-size: 14pt; color: #000000;\">Gro\u00dfanlagen zur Trinkwassererw\u00e4rmung sind Speicher \u2013 Trinkwassererw\u00e4rmer\u00a0 oder zentrale Durchfluss \u2013 Trinkwassererw\u00e4rmer mit einem Inhalt von mehr als 400 l und\/oder 3 l in einer Rohrleitung zwischen dem Abgang des Trinkwassererw\u00e4rmers und der letzten Entnahmestelle.<\/span><\/p>\n<p><span style=\"font-family: arial, helvetica, sans-serif; font-size: 14pt; color: #000000;\">Der Untersuchungspflicht muss der Unternehmer und sonstige Inhaber einer<\/span><br \/>\n<span style=\"font-family: arial, helvetica, sans-serif; font-size: 14pt; color: #000000;\">Trinkwasserinstallation selbst\u00e4ndig nachkommen, ohne dass es einer Aufforderung durch das<\/span><\/p>\n<p><span style=\"font-family: arial, helvetica, sans-serif; font-size: 14pt; color: #000000;\">Gesundheitsamt bedarf. Ein- und Zweifamilienh\u00e4user sind nicht betroffen.<\/span><\/p>\n<p><span style=\"font-size: 16pt; color: #3366ff;\"><strong><span style=\"font-family: arial, helvetica, sans-serif;\">Wann oder wie h\u00e4ufig muss untersucht werden?<\/span><\/strong><\/span><\/p>\n<p><span style=\"font-family: arial, helvetica, sans-serif; font-size: 14pt; color: #000000;\">F\u00fcr gewerblich genutzte Geb\u00e4ude besteht eine Untersuchungspflicht auf Legionellen im 3-j\u00e4hrigem Rhythmus.<\/span><\/p>\n<p><span style=\"font-family: arial, helvetica, sans-serif; font-size: 14pt; color: #000000;\">F\u00fcr \u00f6ffentlich genutzte Geb\u00e4ude besteht eine j\u00e4hrliche Untersuchungspflicht.<\/span><\/p>\n<p><span style=\"font-family: arial, helvetica, sans-serif; font-size: 14pt; color: #000000;\">Die Untersuchung muss durch ein akkreditiertes und vom Land gelistetes Labor<\/span><br \/>\n<span style=\"font-family: arial, helvetica, sans-serif; font-size: 14pt; color: #000000;\">durchgef\u00fchrt werden.<\/span><\/p>\n<p><span style=\"font-family: arial, helvetica, sans-serif; font-size: 14pt; color: #000000;\">Die Erstuntersuchung muss bis 31.12.2013 abgeschlossen sein.<\/span><\/p>\n<p><span style=\"color: #3366ff;\"><strong><span style=\"font-family: arial, helvetica, sans-serif; font-size: 16pt;\">Was muss untersucht werden?<\/span><\/strong><\/span><\/p>\n<p><span style=\"font-family: arial, helvetica, sans-serif; font-size: 14pt; color: #000000;\">Wasserproben m\u00fcssen an bestimmten Stellen des Warmwasserkreislaufs entnommen werden.<\/span><br \/>\n<span style=\"font-family: arial, helvetica, sans-serif; font-size: 14pt; color: #000000;\">Das Entnahmepersonal muss speziell geschult und zertifiziert sein.<\/span><\/p>\n<p><span style=\"color: #3366ff;\"><strong><span style=\"font-family: arial, helvetica, sans-serif; font-size: 16pt;\">Was geschieht mit den Untersuchungsergebnissen?<\/span><\/strong><\/span><\/p>\n<p><span style=\"font-family: arial, helvetica, sans-serif; font-size: 14pt; color: #000000;\">Positive Untersuchungsergebnisse sind dem Gesundheitsamt zu \u00fcbermitteln. Alle Untersuchungsergebnisse sind 10 Jahre durch den Betreiber aufzubewahren. Bei \u00dcberschreitungen des technischen Ma\u00dfnahmewertes besteht die Verpflichtung zur Gef\u00e4hrdungsanalyse sowie die Durchf\u00fchrung entsprechender Ma\u00dfnahmen.<\/span><\/p>\n","protected":false},"excerpt":{"rendered":"<p>Achtung Legionellen \u2013 Wenn Einatmen zur Gefahr wird. Legionellen k\u00f6nnen schwer krank machen. Der Erreger wird meistens durch Einatmen von vernebeltem Wasser aufgenommen. F\u00fcr Hauseigent\u00fcmer und Hausverwalter besteht Untersuchungspflicht f\u00fcr Anlagen, die z. B. Duschen oder andere Einrichtungen enthalten, in denen es zur Vernebelung des Trinkwassers kommt. \u00c4nderungen zur Trinkwasserverordnung Am 1. November 2011 trat [&hellip;]<\/p>\n","protected":false},"author":1,"featured_media":0,"parent":0,"menu_order":0,"comment_status":"closed","ping_status":"closed","template":"","meta":{"ocean_post_layout":"full-width","ocean_both_sidebars_style":"","ocean_both_sidebars_content_width":0,"ocean_both_sidebars_sidebars_width":0,"ocean_sidebar":"0","ocean_second_sidebar":"0","ocean_disable_margins":"enable","ocean_add_body_class":"","ocean_shortcode_before_top_bar":"","ocean_shortcode_after_top_bar":"","ocean_shortcode_before_header":"","ocean_shortcode_after_header":"","ocean_has_shortcode":"","ocean_shortcode_after_title":"","ocean_shortcode_before_footer_widgets":"","ocean_shortcode_after_footer_widgets":"","ocean_shortcode_before_footer_bottom":"","ocean_shortcode_after_footer_bottom":"","ocean_display_top_bar":"default","ocean_display_header":"default","ocean_header_style":"","ocean_center_header_left_menu":"0","ocean_custom_header_template":"0","ocean_custom_logo":0,"ocean_custom_retina_logo":0,"ocean_custom_logo_max_width":0,"ocean_custom_logo_tablet_max_width":0,"ocean_custom_logo_mobile_max_width":0,"ocean_custom_logo_max_height":0,"ocean_custom_logo_tablet_max_height":0,"ocean_custom_logo_mobile_max_height":0,"ocean_header_custom_menu":"0","ocean_menu_typo_font_family":"0","ocean_menu_typo_font_subset":"","ocean_menu_typo_font_size":0,"ocean_menu_typo_font_size_tablet":0,"ocean_menu_typo_font_size_mobile":0,"ocean_menu_typo_font_size_unit":"px","ocean_menu_typo_font_weight":"","ocean_menu_typo_font_weight_tablet":"","ocean_menu_typo_font_weight_mobile":"","ocean_menu_typo_transform":"","ocean_menu_typo_transform_tablet":"","ocean_menu_typo_transform_mobile":"","ocean_menu_typo_line_height":0,"ocean_menu_typo_line_height_tablet":0,"ocean_menu_typo_line_height_mobile":0,"ocean_menu_typo_line_height_unit":"","ocean_menu_typo_spacing":0,"ocean_menu_typo_spacing_tablet":0,"ocean_menu_typo_spacing_mobile":0,"ocean_menu_typo_spacing_unit":"","ocean_menu_link_color":"","ocean_menu_link_color_hover":"","ocean_menu_link_color_active":"","ocean_menu_link_background":"","ocean_menu_link_hover_background":"","ocean_menu_link_active_background":"","ocean_menu_social_links_bg":"","ocean_menu_social_hover_links_bg":"","ocean_menu_social_links_color":"","ocean_menu_social_hover_links_color":"","ocean_disable_title":"default","ocean_disable_heading":"default","ocean_post_title":"","ocean_post_subheading":"","ocean_post_title_style":"","ocean_post_title_background_color":"","ocean_post_title_background":0,"ocean_post_title_bg_image_position":"","ocean_post_title_bg_image_attachment":"","ocean_post_title_bg_image_repeat":"","ocean_post_title_bg_image_size":"","ocean_post_title_height":0,"ocean_post_title_bg_overlay":0.5,"ocean_post_title_bg_overlay_color":"","ocean_disable_breadcrumbs":"default","ocean_breadcrumbs_color":"","ocean_breadcrumbs_separator_color":"","ocean_breadcrumbs_links_color":"","ocean_breadcrumbs_links_hover_color":"","ocean_display_footer_widgets":"default","ocean_display_footer_bottom":"default","ocean_custom_footer_template":"0","footnotes":""},"class_list":["post-76","page","type-page","status-publish","hentry","entry"],"_links":{"self":[{"href":"https:\/\/www.fischer-messtechnik-2000.de\/index.php\/wp-json\/wp\/v2\/pages\/76","targetHints":{"allow":["GET"]}}],"collection":[{"href":"https:\/\/www.fischer-messtechnik-2000.de\/index.php\/wp-json\/wp\/v2\/pages"}],"about":[{"href":"https:\/\/www.fischer-messtechnik-2000.de\/index.php\/wp-json\/wp\/v2\/types\/page"}],"author":[{"embeddable":true,"href":"https:\/\/www.fischer-messtechnik-2000.de\/index.php\/wp-json\/wp\/v2\/users\/1"}],"replies":[{"embeddable":true,"href":"https:\/\/www.fischer-messtechnik-2000.de\/index.php\/wp-json\/wp\/v2\/comments?post=76"}],"version-history":[{"count":6,"href":"https:\/\/www.fischer-messtechnik-2000.de\/index.php\/wp-json\/wp\/v2\/pages\/76\/revisions"}],"predecessor-version":[{"id":664,"href":"https:\/\/www.fischer-messtechnik-2000.de\/index.php\/wp-json\/wp\/v2\/pages\/76\/revisions\/664"}],"wp:attachment":[{"href":"https:\/\/www.fischer-messtechnik-2000.de\/index.php\/wp-json\/wp\/v2\/media?parent=76"}],"curies":[{"name":"wp","href":"https:\/\/api.w.org\/{rel}","templated":true}]}}